3*u**2 + 4. Determine v(l).
0
Let v be (6/15)/(2/30). Let c be (v/8)/(15/40). Let b(x) = 3*x**2 - x - 2. Determine b(c).
8
Suppose -2 = -5*y - 8*w + 5*w, 3*w = 3*y - 6. Let i(u) = 37*u - 1. What is i(y)?
36
Let q(r) = -3*r**2 - 3*r. Let l(i) = 11*i**2 + 15*i + 1. Let f(w) = 12*w**2 + 15*w + 1. Let n(v) = -5*f(v) + 4*l(v). Let u(b) = 2*n(b) - 11*q(b). What is u(-4)?
2
Let n(o) = 2*o**3 - o**2. Let y = -31 + 32. Let s be n(y). Suppose m + 0*x + 4*x = -8, 3*x = m + s. Let p(r) = r**2 + 8*r + 5. Give p(m).
-11
Let g = -46 + -53. Let y = 94 + g. Let d(f) = 3*f + 2*f**2 - 4 + 0 - f**2. Determine d(y).
6
Let p(g) = g - 5. Let k be p(4). Let o(u) = -8*u**2 + 9*u - 13. Let t(i) = 11*i**2 - 13*i + 18. Let s(d) = -7*o(d) - 5*t(d). What is s(k)?
0
Suppose h - 2*f + 31 = 3*f, f = -h - 19. Let n = h + 23. Let y(d) = 2*d**3 - 3*d**2 + 3*d. Determine y(n).
10
Let u = 46 + -29. Let z(q) = -q**2 + 17*q - 2. Let l be z(u). Let t(i) = 3*i - 1. Give t(l).
-7
Let l = -1376 + 1387. Let c(o) = 3*o + 1. Give c(l).
34
Let v(f) = -1 + 4 - f + 6*f**2 - 4995*f**3 + 4994*f**3. Determine v(6).
-3
Let d(y) = y**3 + 9*y**2 - y - 15. Suppose -20*m + 18*m + 4*v = 2, 5*m - v = -41. What is d(m)?
-6
Let p(g) = -6 + 0 + g**2 + 4 + 4 + 1 - 3*g. Suppose 0 = -2*l + 13 - 7. What is p(l)?
3
Let c(t) = -2 + 13 - 79*t + 76*t - 7. Let d(f) = -f**2 - 8*f - 4. Let l be d(-7). What is c(l)?
-5
Let y(m) be the first derivative of -1/2*m**2 - 6*m - 18. Determine y(-5).
-1
Let g(f) = -11*f**3 - 6*f**2 + 5*f - 11. Let q(h) = 2*h**3 + h**2 - h. Let s(l) = -g(l) - 6*q(l). Let z be (1 - 1) + 1 + -1. Give s(z).
11
Let l(i) = -6*i**2 + i + 1. Suppose -22 - 92 = -g. Let s be (-4)/(-16) - g/8. Let m = s - -13. Calculate l(m).
-6
Let m(o) = 3*o - 10. Suppose 32 = -10*b + 12. Let u(v) = -7*v + 20. Let r(j) = b*u(j) - 5*m(j). Give r(7).
3
Suppose -2*l + 89 = 77. Let y(h) = -h**2 + 8*h - 13. Determine y(l).
-1
Let u = -76/9 - -79/9. Let d(t) be the third derivative of 0*t - 5*t**2 - 1/30*t**5 + 0 - 1/24*t**4 + u*t**3. Give d(2).
-8
Let c = 501 - 60119/120. Let h(d) be the third derivative of 1/12*d**5 + c*d**6 - 3/2*d**3 + 0 + 0*d - 3/8*d**4 + 5*d**2. Give h(-6).
9
Let b(f) be the first derivative of f**4/4 + f**3/3 + f**2/2 + 3*f - 227. Let z = 2 + -2. Calculate b(z).
3
Let d(g) = g**2 + 8*g + 18. Suppose -5*n = -2*i - 4 - 5, -3*i - 19 = -2*n. Determine d(i).
11
Let y = -395 + 389. Let n(r) = -r**2 - 8*r - 12. What is n(y)?
0
Suppose 280 - 250 = 3*u. Let o(m) = m**2 - 11*m + 15. What is o(u)?
5
Let f(i) be the first derivative of i**4/4 + i**3 + i**2/2 + 152. Give f(-3).
-3
Let a(j) = 5*j - 14. Let w(q) = 12*q - 30. Let f(r) = -5*a(r) + 2*w(r). Determine f(10).
0
Let n(j) = j**3 - 7*j**2 + 14*j - 10. Let v(f) = 3*f**3 - 21*f**2 + 40*f - 29. Let r(p) = 17*n(p) - 6*v(p). What is r(7)?
-10
Let h(u) = -26*u**2 + u. Let d be 12/(-2) + (9 - (2 - -2)). Determine h(d).
-27
Let v(a) = 15*a**2 + 2*a + 3. Let i(z) = -z**2 - z - 1. Let f(d) = 3*i(d) + v(d). Suppose 8*h - 25 = 3*h. Let b = h + -4. Calculate f(b).
11
Let m(q) be the third derivative of -q**6/120 + 2*q**5/15 + 3*q**4/8 - 5*q**3/6 - 58*q**2 - 2*q. What is m(9)?
-5
Let z(s) be the first derivative of s**2/2 - 4*s - 159. Suppose -2*u - 25 = -7*u. What is z(u)?
1
Let r(i) = 5*i + 45. Let k be r(-9). Let h(z) = -5*z + 3*z - 10 + k*z + z. Determine h(-11).
1
Let x(c) be the second derivative of c**6/40 - c**4/12 + c**3/6 - 12*c**2 + 13*c. Let i(g) be the first derivative of x(g). Calculate i(1).
2
Let f(o) = -o - 4. Let x(g) = -2*g + 15. Let m be x(0). Let i be 42/(-15) + (-3)/m. Calculate f(i).
-1
Let r = -342 - -341. Let p(a) = -7*a**2 - a - 1. What is p(r)?
-7
Let v(h) be the third derivative of -h**5/60 - h**4/3 + h**3/6 + 185*h**2. What is v(-6)?
13
Let d(t) = 2*t**2 + 7*t + 4. Let f = -7 - -12. Suppose -4*a - 29 = -4*z - 13, -z = -f*a - 20. Calculate d(a).
8
Let k = 42 + -34. Suppose 3 = -11*i + k*i. Let h(p) = -2*p**2. Determine h(i).
-2
Let r(l) = 2*l**2 - 3*l - 1. Let h(c) = c**2 + 24*c + 6. Let p be h(-18). Let b = 106 + p. Determine r(b).
19
Let g(f) = -10 - 3 - 12 + 35 + 4*f. Calculate g(-7).
-18
Let k(z) = z**2 - 5*z**2 + 3 - 156*z - 158*z + 314*z. Give k(2).
-13
Suppose 9*n - 237 = 159. Let g(y) = -n*y + 79*y + y**2 - 39*y. Determine g(3).
-3
Let g(s) be the third derivative of s**4/24 + 3*s**3/2 - 11*s**2 - 2*s. Calculate g(0).
9
Let t(g) be the second derivative of -1/12*g**4 + g**3 + 0 + 15*g + 0*g**2. Give t(6).
0
Let c(z) be the second derivative of z**4/12 + 8*z**3/3 + z**2/2 + 3*z + 36. Calculate c(-16).
1
Let i(u) = -u**3 + 6*u**2 - 7*u - 1. Let w be i(3). Let c(h) = -6 - w + 10 - 5*h**2. Calculate c(1).
-6
Let p(o) be the first derivative of -o**3 - 5*o**2/2 + 122. Determine p(-2).
-2
Let x(h) be the first derivative of -3*h**3 - h**2 - h - 66. Determine x(-2).
-33
Let x(a) = -39*a + 1 + 3*a**2 + 6*a**3 + 72*a - 36*a. What is x(1)?
7
Let c(q) = -q**3 + 3*q**2 + 2*q + 5. Suppose 110 = 4*f - 2. Let s be (36/21)/(8/f). Let y be ((-16)/s)/(6/(-9)). Determine c(y).
-3
Suppose 5*h - 8 = 3*g, 3*g + 5 - 2 = 0. Let b(j) = h + 0 + 2 + j. What is b(-6)?
-3
Let k(t) = t**3 + 5*t - 11. Let s be k(0). Let v(u) = u**3 + 10*u**2 - 13*u - 8. Determine v(s).
14
Let j(k) = 4 + k**3 + 7 + 7*k - 9 + 7*k**2. Suppose -5*h = -0*h - 240. Let d be ((-1)/2)/(4/h). Calculate j(d).
-4
Let x(a) be the second derivative of -a**4/12 + 2*a**3 + a**2/2 + 32*a. Let u(b) = -2*b**2 + 23*b + 3. Let h(l) = -6*u(l) + 11*x(l). Give h(7).
0
Let r(k) = -k**2 - 5 + 4 - 3 + 13*k + 2*k. Give r(12).
32
Let v(n) = n**3. Let a(j) = 6*j - 2*j + 5*j**2 - 4 - 3*j - 1 + 5*j**3. Let z(y) = a(y) - 6*v(y). Determine z(5).
0
Let f(c) = 362 + 386 + c**2 - 726 - 3*c**2 + c**2. Determine f(0).
22
Let o = -274 - -276. Let c(n) be the third derivative of 3*n**o - 1/6*n**3 + 5/24*n**4 + 0*n + 0. Determine c(1).
4
Let a(j) = -j**3 + 4*j**2 - 6*j + 7. Let d(u) = -u**3 + 21*u**2 + 3. Let z be d(21). Determine a(z).
-2
Let q(t) = t + 28. Let f be q(-12). Let i = -13 + f. Let c(x) = x**i + 2*x + 15*x**2 - 9 - 31*x**2 + 10*x**2. Give c(6).
3
Let g(b) = b**2 - 6*b + 6. Let m be ((-3)/5 - (-2)/(-5))*-1. Let q(v) = 7*v**2 - 2*v + 1. Let c be q(m). Give g(c).
6
Let n(w) = -13*w**2 + 3*w - 1. Let l(x) = -9*x**2 + 2*x - 1. Let i(p) = -3*l(p) + 2*n(p). What is i(-3)?
10
Let s(n) = 20 - 8 - 6 - 3*n - 5. Let p be 1*-1*(2 + -5). What is s(p)?
-8
Let h = -26 + 15. Let i = h - -16. Let g(m) = -3 + 3*m**2 - 10*m**3 - 2*m**2 + 2 - i*m**3. Calculate g(1).
-15
Let x(t) be the first derivative of -5*t - 1/2*t**2 - 18. What is x(-3)?
-2
Let t(j) = -269785*j**3 + 134895*j**3 - j + 3*j**2 - 1 + 134891*j**3. Suppose 0 = -k - k + 4. What is t(k)?
17
Suppose -247*k - 18 = -238*k. Let w(g) = 2*g + 3. Determine w(k).
-1
Let j(d) = -d**2 + 4*d + 2. Let m be (51/(-9) + 4)/(10/(-12)). Let h be (-3)/m*13/(78/(-24)). What is j(h)?
-10
Let a(h) = -1 - 6 + h + 14. Give a(-6).
1
Let k = -5 + 0. Let m(n) = -7*n - 15. Let u(o) = 5*o + 10. Let f(c) = 4*m(c) + 6*u(c). What is f(k)?
-10
Let j(x) = 2*x + 5. Let s(v) = v**3 + 12*v**2 + 10*v - 8. Let k be s(-11). Suppose k*a = 4*a - 6. Let c = 0 - a. Calculate j(c).
-7
Let t be 8 + (1 - (-4 + 8)). Let o(q) = -q**3 - 4*q**2 + 7*q + 5. Let f(h) = 2*h**3 + 7*h**2 - 14*h - 10. Let z(r) = t*o(r) + 2*f(r). Calculate z(-7).
5
Let a(x) = x - 7. Let g = -20 - -13. Let w(n) = 2*n**2 + 15*n + 13. Let f be w(g). What is a(f)?
-1
Let x(r) = r**3 - 16*r**2 + 14*r + 13. Suppose -6*h + 34*h = 420. What is x(h)?
-2
Suppose -2*r + 2*x - 4 + 0 = 0, 6 = -r + 3*x. Let l(s) = s + 6. Let m be l(r). Let u(v) = 3*v**2 - m*v - 3*v**2 + v**2 + 7 - 3. What is u(5)?
-1
Let d(m) = -2*m + 11. Let j(i) = 7*i + 180. Let u be j(-25). Calculate d(u).
1
Let j(r) = -9*r - 18. Let i be 288/(-240)*(-10)/(-6). Calculate j(i).
0
Let s = -315 - -327. Let j(x) = x**3 - 12*x**2 + 2*x - 8. Calculate j(s).
16
Let s(k) be the third derivative of k**4/8 - 4*k**3 + 3*k**2 - 21. Calculate s(7).
-3
Let v(r) be the second derivative of -r**3/6 + r**2/2 + 4*r. Let b = -50 + 68. Let p be (1/((-6)/b))/(3/5). Determine v(p).
6
Let z(i) be the second derivative of -i**5/60 - i**3/6 + 22*i. Let t(q) be the second derivative of z(q). What is t(-5)?
10
Let i(n) = n**3 + 0 - 4*n**2 - 4*n**2 - 7 + 9*n. Suppose -15*m + 10*m + b + 30 = 0, -2*b = 3*m - 